04. What is q(29)?
-59
Let b(y) = -28*y + 156. Determine b(3).
72
Let x(l) = -l**2 - l + 13. Determine x(-3).
7
Let o(p) = p**2 + 168*p - 840. Calculate o(-173).
25
Let k(r) = -2*r**3 + 114*r**2 + 8*r + 103. Determine k(57).
559
Let w(p) = 5*p**3 + 3*p**2 + 10*p + 1. Determine w(-3).
-137
Let x(y) = 4*y**3 + 12*y**2 - 5*y - 5. Calculate x(-4).
-49
Let c(l) = 13*l**2 + 125*l + 495. What is c(-4)?
203
Let v(j) = -8*j**2 - 403*j - 130. What is v(-50)?
20
Let u(o) = -2*o**3 + 12*o**2 - 8*o - 2. What is u(8)?
-322
Let n(k) = 68*k - 9312. Calculate n(137).
4
Let r(w) = -20*w**3 + 97*w**2 + 7*w - 10. Determine r(5).
-50
Let a(q) = 37*q + 159. Determine a(2).
233
Let m(n) = n**3 - 50*n**2 - 65*n + 750. Determine m(51).
36
Let n(o) = o**3 - 56*o**2 + 587*o + 46. Determine n(42).
4
Let r(d) = d**2 - 25*d - 298. Give r(-10).
52
Let s(i) = 35*i - 108. Calculate s(6).
102
Let s(m) = -31*m - 77. Give s(8).
-325
Let g(u) = -4*u**2 + 49*u + 50. Determine g(-1).
-3
Let q(p) = -2*p**3 - 31*p**2 + 19*p + 54. Give q(-16).
6
Let n(g) = 350*g - 2796. Calculate n(8).
4
Let v(i) = i**3 + 12*i**2 - 17*i + 156. What is v(-14)?
2
Let t(n) = 2*n**3 + 21*n**2 + 25*n + 43. Calculate t(-9).
61
Let c(f) = f**2 - 48*f - 11272. What is c(133)?
33
Let k(t) = 2*t**2 + 26*t - 65. Calculate k(-13).
-65
Let w(g) = g**3 - 5*g**2 - 50*g - 32. Determine w(8).
-240
Let j(r) = -r**3 + 15*r**2 - 37*r + 45. Give j(14).
-277
Let i(h) = h**3 + 9*h**2 + 8. Give i(-9).
8
Let n(k) = -29*k**3 + 59*k**2 - 42*k + 78. Calculate n(2).
-2
Let i(g) = -3223*g - 6459. Give i(-2).
-13
Let z(t) = -11*t**2 - 14*t + 408. What is z(6)?
-72
Let o(m) = 66*m + 2054. Determine o(-31).
8
Let c(u) = -u**3 - 40*u**2 - 17*u - 676. Determine c(-40).
4
Let n(m) = 4*m**2 + 89*m + 373. Give n(-6).
-17
Let t(d) = 117*d - 990. Give t(8).
-54
Let x(u) = u**3 - 36*u**2 + 7*u - 247. What is x(36)?
5
Let i(w) = w**3 - 5*w**2 + 5*w + 5. Calculate i(-2).
-33
Let u(p) = 2*p**2 + 13*p - 20. What is u(-4)?
-40
Let a(t) = -2*t**3 + t**2 + 224*t + 68. What is a(11)?
-9
Let r(c) = 92*c + 3883. Give r(-42).
19
Let p(g) = 3*g**3 + 11*g**2 - 11*g - 22. Give p(-5).
-67
Let g(b) = 9*b - 100. Give g(22).
98
Let s(a) = -a**2 - 73*a - 1041. What is s(-54)?
-15
Let l(j) = -j**2 + 121. What is l(-13)?
-48
Let k(a) = -2*a**2 - 15*a + 77. Calculate k(-19).
-360
Let j(t) = 61*t - 255. What is j(11)?
416
Let l(g) = -g**3 + 45*g**2 - 461*g - 92. Determine l(29).
-5
Let m(c) = 57*c**2 + 279*c - 564. Give m(2).
222
Let i(b) = b**3 + 6*b**2 - 2*b - 42. Calculate i(-4).
-2
Let w(n) = 237*n - 8812. Determine w(38).
194
Let c(u) = -141*u - 940. Determine c(-7).
47
Let b(z) = 3*z**2 + 26*z + 10. Calculate b(-4).
-46
Let k(i) = 10*i**2 + 413*i + 95. Give k(-41).
-28
Let o(i) = i**2 + 49*i + 575. Give o(-31).
17
Let t(i) = i**3 + 49*i**2 - 94*i - 4603. Determine t(-49).
3
Let s(l) = -l**2 - 18*l + 142. Give s(7).
-33
Let d(j) = -j**2 + 120*j - 2579. Give d(28).
-3
Let h(u) = 449*u - 960. Give h(2).
-62
Let n(u) = -35*u**3 - u**2 + 3*u - 1. Give n(2).
-279
Let w(q) = 75*q + 2244. Calculate w(-30).
-6
Let x(w) = 2*w**3 + 37*w**2 + 127*w - 37. Determine x(-5).
3
Let r(u) = -57*u + 2059. Calculate r(36).
7
Let i(n) = n**2 + 29*n + 32. What is i(-18)?
-166
Let d(h) = 395*h + 12213. Calculate d(-31).
-32
Let n(l) = -3705*l - 18521. Determine n(-5).
4
Let m(i) = i**3 + 10*i**2 + 72*i + 161. What is m(-4)?
-31
Let j(n) = 5*n**2 - 19*n - 23. What is j(4)?
-19
Let c(n) = 154*n + 12. Give c(-2).
-296
Let j(m) = 4*m**2 - 56*m - 247. Give j(17).
-43
Let l(q) = -183*q + 567. Calculate l(3).
18
Let y(f) = -159*f + 1725. Determine y(11).
-24
Let q(f) = -f**3 + 6*f**2 + f - 11. What is q(6)?
-5
Let i(t) = 2*t + 4. Determine i(-32).
-60
Let g(m) = -m**3 - 14*m**2 + 529*m + 5694. Give g(-10).
4
Let t(f) = -91*f - 217. Give t(-3).
56
Let i(c) = 78*c + 672. Determine i(-8).
48
Let w(l) = -97*l**2 + 25705*l. Give w(265).
0
Let i(g) = 2*g**3 - 8*g**2 + 94*g - 276. What is i(3)?
-12
Let d(o) = -o**3 - 9*o**2 + 22*o + 8. Give d(-11).
8
Let m(v) = -228*v + 4109. Give m(18).
5
Let p(z) = -z**3 - 14*z**2 - 27*z - 41. Give p(-12).
-5
Let t(s) = 10*s - 153. Determine t(9).
-63
Let n(t) = 4*t**2 - 5*t + 14. Give n(-4).
98
Let i(z) = -47*z**2 - 893*z + 1. Give i(-19).
1
Let d(f) = 3*f**2 + 146*f + 619. Determine d(-44).
3
Let z(b) = -5*b**3 + 12*b**2 + 14*b + 2. Calculate z(-1).
5
Let p(o) = -2*o**2 + 222*o - 3491. Determine p(92).
5
Let s(m) = m**2 + 48*m + 21. Calculate s(-16).
-491
Let m(h) = 79*h - 1895. Calculate m(24).
1
Let o(q) = 67*q - 2001. What is o(30)?
9
Let v(z) = -18*z - 321. Determine v(-17).
-15
Let y(m) = -3949*m - 71089. Give y(-18).
-7
Let d(t) = 15*t**3 - 332*t**2 - 296*t - 76. Give d(23).
-7
Let q(d) = 22*d**3 + d**2 - 6. Give q(-2).
-178
Let i(f) = -10*f**3 + 78*f**2 + 307*f - 2334. Give i(8).
-6
Let q(f) = -13*f**2 - 63*f + 26. What is q(-5)?
16
Let d(t) = t**3 + 48*t**2 - 4*t - 177. What is d(-48)?
15
Let n(h) = -h**3 + 78*h**2 + 65*h + 1116. What is n(79)?
10
Let k(f) = 181*f - 23713. Determine k(131).
-2
Let r(d) = 278*d + 1113. Determine r(-4).
1
Let d(u) = -26*u**2 + 49*u - 13. Calculate d(6).
-655
Let h(i) = -94*i - 411. Give h(-7).
247
Let d(r) = 3*r - 49. Give d(16).
-1
Let z(u) = -u**3 + 4*u**2 + 4*u - 42. What is z(4)?
-26
Let v(a) = 14*a - 19. Determine v(7).
79
Let n(s) = -2*s**3 + 3*s**2 - 63*s + 137. Determine n(2).
7
Let d(r) = 24*r - 342. What is d(15)?
18
Let r(f) = 155*f - 19672. Determine r(127).
13
Let t(b) = -3*b**3 - 149*b**2 - 236*b + 194. Determine t(-48).
2
Let z(j) = -10*j + 148. Determine z(5).
98
Let g(c) = -8*c**2 + 400*c - 2412. Calculate g(7).
-4
Let k(o) = o**3 - 22*o**2 + 47*o - 125. What is k(13)?
-1035
Let j(k) = 137*k - 2245. Give j(17).
84
Let k(o) = 32*o + 393. Give k(-13).
-23
Let j(g) = -g**2 - 82*g - 1574. Give j(-53).
-37
Let t(o) = -32*o - 181. Give t(0).
-181
Let q(d) = -d**2 - 27*d + 154. Calculate q(-31).
30
Let u(a) = -4*a**3 - a**2 + a - 2. Give u(-2).
24
Let x(b) = 11*b**2 - 49*b + 19. What is x(4)?
-1
Let i(x) = 521*x + 29181. What is i(-56)?
5
Let o(l) = -2*l**2 - 10*l + 7. Give o(-6).
-5
Let c(j) = 41*j**3 + 572*j**2 - 28*j - 23. Give c(-14).
-23
Let a(u) = u**3 + 23*u**2 + 3*u + 656. What is a(-24)?
8
Let q(t) = -t**3 - 7*t**2 - 35*t - 89. Give q(-4).
3
Let s(o) = -3647*o + 14594. Give s(4).
6
Let y(q) = q**2 - 16*q - 3057. Calculate y(64).
15
Let u(z) = -5*z**2 + 37*z - 11. Calculate u(-3).
-167
Let b(r) = -3*r**3 + 172*r**2 - 42*r - 851. What is b(57)?
4
Let n(s) = s**3 + 9*s**2 + 3*s + 3. Determine n(-9).
-24
Let s(v) = v**3 + 35*v**2 - 92*v - 14. Calculate s(3).
52
Let y(h) = 134*h - 2126. What is y(16)?
18
Let c(g) = 46*g**2 - 326*g + 1. Determine c(7).
-27
Let w(l) = l**3 + 118*l**2 - 827*l - 10297. Give w(-124).
-5
Let v(b) = -2*b**2 - 9*b + 49. Determine v(-14).
-217
Let t(h) = -4*h**2 - 332*h - 1563. Determine t(-78).
-3
Let f(l) = 2*l**3 - 38*l**2 - 130*l + 13. What is f(22)?
57
Let b(a) = a**3 + 28*a**2 + a + 71. Determine b(-28).
43
Let x(t) = -t**3 - 7*t**2 - 8*t - 383. Give x(-10).
-3
Let t(l) = 2*l**2 + 20*l - 114. Give t(10).
286
Let h(v) = 121*v - 99. What is h(4)?
385
Let h(s) = s**2 - 259*s + 16123. Calculate h(104).
3
Let l(h) = 6*h**2 + 104*h - 612. Determine l(6).
228
Let n(l) = l**2 + 72*l - 1070. Give n(14).
134
Let i(x) = x**2 - 9*x - 106. Determine i(16).
6
Let v(h) = 2*h**2 + 337*h + 13419. What is v(-104)?
3
Let f(w) = -49*w**2 + 51*w + 588. What is f(-3)?
-6
Let v(w) = w**2 - 2*w - 411. What is v(-19)?
-12
Let t(m) = 2*m**2 - 3*m - 319. What is t(-13)?
58
Let y(x) = -x**2 - 31*x + 207. Give y(-27).
315
Let d(h) = 2*h + 84. Give d(-23).
38
Let t(a) = -96*a + 737. Give t(7).
65
Let x(w) = w**3 + 15*w**2 - 36*w + 44. Give x(-17).
78
Let g(m) = -1067*m + 11742. Give g(11).
5
Let j(w) = -4*w**2 + 15*w + 25. Determine j(-4).
-99
Let q(h) = 6*h - 234. Calculate q(-5).
-264
Let k(q) = -q**3 - 9*q**2 - 344*q - 1957. Determine k(-6).
-1
Let t(r) = r**3 + 25*r**2 + 41*r + 352. Give t(-24).
-56
Let f(n) = n**3 + 88*n**2 - 368*n + 8. Give f(-92).
8
Let j(v) = v**3 - v**2 - 450*v - 904. Calculate j(-2).
-16
Let f(m) = 3*m**3 - m**2 + 424*m + 1277. Give f(-3).
-85
Let g(t) = t**2 + 20*t - 505. Determine g(13).
-76
Let d(h) = h**2 + 180*h - 2714. What is d(-194)?
2
Let i(u) = -u**2 - 205*u + 35